*r - 1. Let f(l) = 2*l. Let z(p) = 5*f(p) - 3*m(p). What is z(-2)?
1
Let l(a) be the third derivative of -a**6/240 - a**5/120 - 5*a**4/24 + 2*a**2. Let r(f) be the second derivative of l(f). What is r(2)?
-7
Let f(h) = -h**2 + 3*h + 22. Let v be f(7). Let o(x) = x**2 + 2 - x + 2 + 7*x. What is o(v)?
4
Let s(q) = -51 - 4*q**3 + 6*q**3 - 4*q - 3*q**3 - 5*q**2 + 54. Suppose 22 = -3*z + 2*v, 0 = -4*z + v + 3 - 24. Give s(z).
3
Let b(z) = -2*z**2 - 2*z + 3*z**3 - 4*z**3 + 0*z**3 - 3*z**2 - 5. Calculate b(-5).
5
Let a(r) = 6*r - 1. Suppose -x = -3*j, 3*j + 2 = 3*x - 4. Give a(j).
5
Let u(w) = -9 - 5*w + 4 + 3. Give u(-2).
8
Let o(n) = -n - 2. Let t be o(2). Let h(d) = -d**3 - 3*d**2 - 5. Determine h(t).
11
Let f(v) be the first derivative of v**4/2 + 2*v**3/3 + v**2/2 - v + 20. Give f(-2).
-11
Let i be (-2 + 3)*11 - 0. Suppose 5*c = 3*k + i, 5*c + 4*k - 7 = 5*k. Let m(v) be the third derivative of -v**5/20 - v**4/24 + v**2. What is m(c)?
-4
Let h(q) be the second derivative of q**6/720 + q**5/60 + 2*q**4/3 - 9*q. Let t(s) be the third derivative of h(s). What is t(-4)?
-2
Let k(d) be the third derivative of -d**6/120 + 7*d**5/60 - 5*d**4/24 - 4*d**3/3 + 10*d**2. What is k(6)?
-2
Let s(i) = 3*i**2 + 3*i + 2. Let d(l) be the second derivative of -5*l**4/12 - 2*l**3/3 - 3*l**2/2 - l. Let t(p) = 5*d(p) + 7*s(p). What is t(1)?
-4
Let l(g) = g**3 - 32*g**2 + 29*g + 63. Let h be l(31). Let m(r) = r**3. Give m(h).
1
Let b(q) = q**3 + 3*q**2 - q + 1. Let d be b(-3). Let s be d/(-6) + (-8)/6. Let u(y) = 7*y - 2. Let c(z) = -z. Let r(f) = -5*c(f) - u(f). What is r(s)?
6
Let m(g) = g**3 - 2*g**2 + 2*g - 2. Let v be m(2). Let f(d) = -25*d**v + 24*d**2 + 9*d**3 - 2*d**3. Determine f(1).
6
Let k(l) = 3*l**2 - 5*l - 19. Let h(a) = 2*a**2 - 4*a - 18. Let y(g) = -4*h(g) + 3*k(g). Calculate y(0).
15
Suppose -1 + 3 = -v. Let z be 5/(-5) - (0 + v). Let w(b) = -b**3 - 2*b**2 + b. What is w(z)?
-2
Let r(b) = 2*b + 4. Suppose 3*y + 3*s + 9 = 0, -3*y - 9 = -0*s - 5*s. Let x be y - (1*16 + -2). Let q = 12 + x. Determine r(q).
-6
Let s(y) = y**2 - 5*y. Let p be ((-1)/1)/((-1)/35). Suppose -4 = 2*a + 3*n - n, -p = -5*a + 4*n. Calculate s(a).
-6
Let j(d) = -3*d**2 + 4*d**2 + 0 + 5*d - 1. Let f be j(-6). Let y(v) = 1 - 1 + v**3 - 6*v**2 + 1 + f*v. Calculate y(5).
1
Let j(y) = -3*y**3 + 8*y**2 + 8*y + 3. Let h(v) = v**3 - 3*v**2 - 3*v - 1. Let l be (-1)/((-12)/(-9) + -1). Let q(z) = l*j(z) - 8*h(z). Give q(-2).
-9
Let j(u) = u**3 + 4*u**2 - 9*u - 14. Let g be j(-5). Let m(l) = l + 1. Determine m(g).
7
Let s(w) = 2*w + 4. Let v(n) = n**3 + 4*n**2 + 2*n - 1. Let j be v(-2). Calculate s(j).
10
Let c(a) = a**2 + 1 + 87*a + 93*a - 172*a. What is c(-8)?
1
Let i = 5 - 1. Let z(r) = -2*r - 6. Let k be z(-4). Let w(d) = k - 1 - d + 2 + d**3 - 4*d**2. Give w(i).
-1
Let a(l) = l - 55 + 20 + 24. Calculate a(10).
-1
Let n(d) = -d. Let s(i) = i - 1. Let b(p) = 3*n(p) + s(p). Suppose -3*g + 3 = 12. Determine b(g).
5
Let f(t) = 2*t. Suppose -3 + 4 = -a. Let p = 2 - a. Determine f(p).
6
Suppose -5*p - 10 = -0*p. Let k be 1/p*(0 - 4). Suppose -k*q - 13 + 5 = 0. Let o(j) = -j - 2. Calculate o(q).
2
Let l = -4 + 11. Let z = l + -12. Let j(q) = 5*q. Let c(s) = -9*s - 1. Let b(k) = -4*c(k) - 7*j(k). Give b(z).
-1
Let w = 9 - 6. Let s(v) = 2*v**2 + 3*v**3 + 2*v + 0*v**3 - w - 4*v**3. Let x be (-20)/(-6) - (-3)/(-9). What is s(x)?
-6
Let d(n) = 2*n**3 + 7*n**2 + 7*n - 2. Let y(o) = -o**3 + o**2 - o. Let m(k) = -d(k) - y(k). What is m(-7)?
-5
Suppose 3*u = -2*u. Suppose -36 = -u*y - 6*y. Let q(k) = k + 7. Give q(y).
13
Let s(v) = -v**3 - 2*v**2 - 4*v + 4. Let l(w) = w**3 + 3*w**2 + 5*w - 5. Let z(m) = 3*l(m) + 4*s(m). Let r = -13 + 15. Give z(r).
-5
Let v = 83 - 83. Let b(h) be the third derivative of -2*h**2 - 2/3*h**3 + v*h + 0 - 1/24*h**4. Determine b(0).
-4
Let v(c) be the third derivative of -c**6/120 + c**5/10 - c**4/24 - c**3/3 + 3*c**2 - 6*c. Calculate v(6).
-8
Let f(o) = o**3 + 3*o**2 + 3. Let n be f(-3). Let z(p) be the first derivative of p**4/4 - p**3 + 4*p - 1. Determine z(n).
4
Let x be 20/15*3*1. Suppose 3*n + 11 = -x*i, 0 = -5*n - i + 6 + 4. Let j(c) = -2*c + 3*c + 2 + 0 + 2*c - c**2. Calculate j(n).
2
Let b(h) = 2*h**2 - 3*h + 2. Let i(f) = -f + 17. Let d be i(13). Suppose -6 = -p - d. Calculate b(p).
4
Let t(f) be the second derivative of f**3 + 4*f**2 - 3*f. Let p(b) = -5*b - 7. Let x(q) = -5*p(q) - 4*t(q). Determine x(-4).
-1
Let q(r) = -2*r + 1. Suppose -5*o + 3*c + 4 = 6, 3*o = -3*c + 18. Give q(o).
-3
Let x(m) = -m + 8. Let z(i) = i**2 - i - 4. Let t be z(3). Suppose 0 = -t*q + 7*q - 30. Determine x(q).
2
Let q(y) be the second derivative of 3*y + 0*y**2 + 0 - 1/6*y**3. Determine q(-3).
3
Let i(h) be the second derivative of h**6/720 - h**5/40 - h**4/4 - 4*h. Let d(k) be the third derivative of i(k). What is d(3)?
0
Let v be 4 + -3 + 4 + -3. Let c(t) = -t**3 + 1 - 5*t**2 + 5*t + t**v + 0. What is c(-5)?
1
Let f(t) = -155*t**3 + 2*t + 156*t**3 - 2*t**2 - 3*t. Determine f(-1).
-2
Let n(u) = -u**3 - 6*u**2 - 5*u + 1. Suppose 0 = -3*d + 2*b + 10, 5*d - 5*b + 3*b = 14. Suppose -k = d*k - 9. Suppose -20 = x + k*x. Give n(x).
1
Let s(j) = -j**3 - j**2 - j - 5. Let q = 40 - 40. Determine s(q).
-5
Let r(l) = -l**3 + 3*l**2 + 4*l. Let d be (-1*1)/(5/(-20)). What is r(d)?
0
Suppose 2*m - 9*m = 35. Let w(n) = -n - 5. Calculate w(m).
0
Let o = 2 - 0. Let g(z) = z - 1. Let c(f) = -10*f + 5. Let i(x) = -c(x) - 6*g(x). What is i(o)?
9
Let d(z) = z - 6. Let p be d(6). Suppose p = 2*y - 0*y - 4. Let t(m) = -2 + m**2 + m + y + 2 - 3. Calculate t(0).
-1
Let l(m) = -57 + 57 + 4*m. Calculate l(1).
4
Let s be (-12)/3*1/(-2). Suppose 8*x = 7*x + s. Let a(o) = -o**3 + o**2 + 2*o - 1. Determine a(x).
-1
Let w = 10 - 8. Suppose 2*m - 3*m - 5*c = -w, 0 = 3*m - 3*c - 6. Let j(t) = -2*t**2 + 0*t**m + 3*t**2 - 5. Determine j(0).
-5
Let b(f) = -f**2 - 5*f - 1. Let t be b(-4). Suppose -2*r - 5*o + 5 = 0, 5*r = -t*o - 21 + 5. Let c(m) = -3 - 3*m**2 - m**2 - 7*m + 3*m**2. What is c(r)?
7
Let g(x) be the second derivative of -x**3/3 + 23*x. Give g(-6).
12
Suppose 2*a = -v - 8, 15 = -2*v - 3*v - 5*a. Suppose -k = -0 + v. Let o(x) = 4*x**2 - 2. Let t(m) = -2*m**2 + 1. Let g(z) = -4*o(z) - 7*t(z). Calculate g(k).
-7
Let u = 87 + -83. Let x(n) = n - 6. Calculate x(u).
-2
Let q(y) = y**3 - 5*y**2 + 6*y - 6. Suppose -6*g - 1 = -25. Determine q(g).
2
Let p be (-1 - -1) + -3 + 2. Let b(o) = -2*o**2 + 6*o + 5. Let v(r) = -r**2 + 7*r + 6. Let y(g) = -6*b(g) + 5*v(g). Calculate y(p).
8
Let s(g) = -2*g + 4. Let j(c) = -5*c**2 + 3*c**2 + 1 - 4*c**2 + c**3 + 3. Suppose 10 = 5*y + 5*v, 0*y + 4*v + 40 = 4*y. Let x be j(y). What is s(x)?
-4
Let n(o) = -o**2 + 4*o + 4. Let p be n(4). Let c(u) = 1 + 3 + 0*u + 1 - 2*u. Calculate c(p).
-3
Let t(p) = -4*p**2 + p - 1. Let a be 1/(-4) + (-5)/(-4). What is t(a)?
-4
Suppose 22 = 4*g - 2*a, 2*a + 2 = g + 5*a. Let s = g + -5. Let u(j) = j**2 + j - 1. Give u(s).
-1
Let v = -88 + 90. Let l(x) = 7*x**3 - 7*x**2 + 9*x - 2. Let w(u) = u**3 - u**2 + u. Let c(p) = -l(p) + 6*w(p). Determine c(v).
-8
Let n(p) = p**2 - 4*p - 3. Suppose 14 = 4*w + k - 2*k, 4*k + 8 = 0. Give n(w).
-6
Let a be (-2)/(-1) - 3/(-1). Let q(y) = y**3 + 4*y - 3*y + 2 - 1 + a*y**3. Let c be (1/(-3))/(1/3). Give q(c).
-6
Let s = 5 - 4. Let q be s*3*4/(-6). Let w(b) be the third derivative of b**5/60 + 5*b**4/24 + b**3/6 + 2*b**2. Determine w(q).
-5
Let s(i) = -8*i**3 + 7*i**2 - 17*i + 1. Let w(k) = -2*k**3 + 2*k**2 - 4*k. Let d(h) = 2*s(h) - 9*w(h). Suppose 4*u + 4 = -0*u. Let g = 1 - u. Give d(g).
6
Let g(c) = -c**2 + 6*c + 2. Let i be g(6). Let u(n) = 4 - n**2 + n**i + 6 + n**2. Determine u(0).
10
Let x be 47/4 - 3/(-12). Let f be 0 - (-1 - (2 - 1)). Suppose 4*z = 5*i - 2*i + f, -4*i - 4*z - x = 0. Let s(g) = g**2 - 2. Determine s(i).
2
Let z = -22 - -18. Let u(m) = 2 - m - 6*m**2 + 2*m**2 - 3*m**2. Let h(w) = -7*w**2 - 2*w + 3. Let n(b) = z*u(b) + 3*h(b). Calculate n(1).
6
Let z(w) be the first derivative of w**4/4 - w**3/3 + w**2/2 + w + 6. What is z(2)?
7
Let t(o) = -o**3 + 10*o**2. Let k(h) = -h**3 + 9*h**2 + 1. Let c(w) = -4*k(w) + 3*t(w). What is c(6)?
-4
Let i(g) = -g**3 - 2*g**2 - 3*g - 4. Let o be i(-3). Let v = 7 - o. Let s(p) = p + 4. Let d be s(v). Let z(y) = -y**2 - 4*y - 2. What is z(d)?
1
Let b(v) = 4 - 2*v - 